366687 a composite number?
False
Is 93919219 composite?
False
Is 29165573 a prime number?
True
Is 2905739 a prime number?
True
Is 106559327 prime?
False
Is 1531021 prime?
True
Is 337427603 a composite number?
True
Is 104074021 prime?
True
Is 297974849 a prime number?
True
Is 1400287 composite?
True
Is 19286193 composite?
True
Is 7535633 a prime number?
False
Is 3280037 a prime number?
True
Is 3244277 a prime number?
True
Is 3137791 a composite number?
True
Is 9148651 a prime number?
False
Is 1797911 composite?
False
Is 15157291 a composite number?
False
Is 4210105 a composite number?
True
Is 1977917 composite?
False
Is 44993693 prime?
True
Is 5709689 composite?
False
Is 125205593 a prime number?
False
Is 197452729 composite?
False
Is 25990387 prime?
True
Is 636211 composite?
False
Is 10549031 composite?
False
Is 2149471 a composite number?
False
Is 548323 a prime number?
True
Is 88258573 composite?
True
Is 170602781 composite?
False
Is 2908553 a prime number?
False
Is 83779301 a composite number?
False
Is 3208279 prime?
False
Is 57633131 a composite number?
True
Is 3685091 prime?
False
Is 57567683 prime?
True
Is 23308157 a composite number?
False
Is 2481601 composite?
False
Is 5644517 a composite number?
False
Is 2597723 composite?
False
Is 2301441 a composite number?
True
Is 195445 a composite number?
True
Is 22544387 a prime number?
True
Is 12673249 prime?
True
Is 84699047 prime?
True
Is 256687 a composite number?
False
Is 367339481 prime?
True
Is 130280177 prime?
True
Is 269599 a prime number?
False
Is 9700813 a composite number?
False
Is 93334103 a prime number?
True
Is 3538979 composite?
False
Is 435338059 a composite number?
True
Is 20796614 a prime number?
False
Is 91171105 a composite number?
True
Is 21783493 composite?
True
Is 31765861 composite?
True
Is 185367119 prime?
False
Is 77053453 a prime number?
False
Is 3504377 prime?
True
Is 5211793 prime?
False
Is 258917 a composite number?
False
Is 262719451 a composite number?
True
Is 3553105 a prime number?
False
Is 2409137 prime?
True
Is 13065517 composite?
False
Is 3812899 a prime number?
True
Is 115620269 a composite number?
True
Is 4701731 a composite number?
False
Is 101265391 a composite number?
False
Is 14905183 composite?
False
Is 8456089 a prime number?
False
Is 30461597 composite?
False
Is 492021003 a composite number?
True
Is 1602054031 composite?
False
Is 843443 composite?
False
Is 769277503 prime?
False
Is 99383045 prime?
False
Is 8203141 a composite number?
True
Is 70077461 a prime number?
True
Is 150836911 a composite number?
False
Is 1141310641 a composite number?
True
Is 370547189 a prime number?
False
Is 174778057 prime?
True
Is 161531 composite?
False
Is 404099701 a composite number?
False
Is 111424537 composite?
True
Is 1753322 prime?
False
Is 8185 a prime number?
False
Is 31281197 composite?
False
Is 5229767 composite?
False
Is 1351265269 a composite number?
False
Is 12519781 composite?
True
Is 76436353 a prime number?
False
Is 11728655 a prime number?
False
Is 1364887 prime?
False
Is 59434183 a composite number?
True
Is 5928311 composite?
False
Is 2282963 prime?
True
Is 123939059 prime?
True
Is 6787489 a prime number?
True
Is 490367 a composite number?
False
Is 157039973 a composite number?
False
Is 987353 a prime number?
True
Is 12318457 a prime number?
False
Is 146502833 prime?
True
Is 8794463 prime?
True
Is 35698529 a composite number?
False
Is 43004021 prime?
True
Is 156271627 a prime number?
False
Is 695254187 a prime number?
False
Is 67396495 a prime number?
False
Is 20678279 a composite number?
False
Is 52058947 prime?
False
Is 65177 a prime number?
False
Is 5248861 prime?
False
Is 114257167 a prime number?
True
Is 1742401 a prime number?
True
Is 112220483 composite?
False
Is 6845159 a prime number?
False
Is 3208021 prime?
True
Is 50092333 a prime number?
False
Is 25155511 composite?
False
Is 1189399 composite?
True
Is 5952797 a composite number?
False
Is 2668469 composite?
False
Is 623429 a prime number?
False
Is 253613 a prime number?
True
Is 335482401 a prime number?
False
Is 1660921 composite?
False
Is 9750737 a composite number?
False
Is 38218769 prime?
True
Is 16664477 a composite number?
False
Is 3374507 prime?
True
Is 23112289 a composite number?
False
Is 1862141 a composite number?
False
Is 3122653 composite?
True
Is 5410861 a prime number?
False
Is 669419 composite?
False
Is 36900659 prime?
False
Is 7387 a composite number?
True
Is 192737 composite?
False
Is 199320761 prime?
True
Is 1559939 composite?
True
Is 1099717 a composite number?
False
Is 1613471 prime?
True
Is 18320851 composite?
False
Is 4370287 a prime number?
False
Is 19163629 a composite number?
False
Is 6542179 a prime number?
False
Is 2009549 a prime number?
False
Is 204348967 a composite number?
False
Is 2085743 a composite number?
True
Is 592727 a composite number?
False
Is 213520481 composite?
True
Is 32722321 a composite number?
True
Is 18917911 prime?
True
Is 3144731 prime?
False
Is 1403137 a prime number?
True
Is 146414755 a prime number?
False
Is 7838107 a composite number?
False
Is 6333539 composite?
True
Is 2754997 composite?
True
Is 14255083 prime?
True
Is 7710394 composite?
True
Is 1648453 a composite number?
False
Is 8326301 prime?
True
Is 142643497 composite?
True
Is 16298147 composite?
True
Is 3025733 a composite number?
True
Is 148779941 a composite number?
True
Is 1466821 composite?
False
Is 155275843 a prime number?
False
Is 7801981 a composite number?
True
Is 82959307 composite?
True
Is 12107479 a prime number?
False
Is 261959 a prime number?
True
Is 2905121 composite?
True
Is 4753633 a composite number?
True
Is 1670923 composite?
False
Is 1337097 prime?
False
Is 6871399 a composite number?
False
Is 24020483 a prime number?
True
Is 167202843 a prime number?
False
Is 342797327 a composite number?
False
Is 28044491 composite?
True
Is 85437929 a prime number?
False
Is 157772401 a composite number?
True
Is 21956069 a prime number?
True
Is 5083739 a prime number?
False
Is 8007337 composite?
True
Is 44404169 composite?
False
Is 57791561 prime?
True
Is 66816427 a composite number?
False
Is 140240011 a composite number?
False
Is 860248505 a prime number?
False
Is 1432505233 a prime number?
True
Is 6955411 prime?
True
Is 3646103 a prime number?
True
Is 3693037 prime?
True
Is 190554161 prime?
False
Is 2781757 a composite number?
True
Is 6297103 a prime number?
True
Is 143036567 prime?
True
Is 3042731 a composite number?
False
Is 10734319 a prime number?
True
Is 49253591 composite?
False
Is 978592333 prime?
False
Is 6299947 prime?
False
Is 56787235 a composite number?
True
Is 629792935 a prime number?
False
Is 41868989 composite?
True
Is 226637441 a composite number?
False
Is 294574337 prime?
True
Is 27922919 prime?
True
Is 226558 prime?
False
Is 19825735 a prime number?
False
Is 2201471 composite?
True
Is 7745537 composite?
False
Is 5082445 composite?
True
Is 36181513 a composite number?
False
Is 729374 prime?
False
Is 1466963 composite?
True
Is 241451557 a prime number?
False
Is 6754009 prime?
True
Is 9953231 composite?
False
Is 3889267 composite?
True
Is 2088431 a prime number?
True
Is 39123943 composite?
True
Is 5517131 a composite number?
False
Is 3493481 a composite number?
True
Is 207361327 a composite number?
True
Is 2054971 prime?
True
Is 45702581 a composite number?
True
Is 8132989 prime?
True
Is 1526909 composite?
False
Is 8493691 a prime number?
False
Is 25175231 a composite number?
False
Is 37507139 composite?
True
Is 67271879 prime?
True
Is 58267862 prime?
False
Is 3903437 a prime number?
True
Is 715631 prime?
False
Is 451127 a prime number?
False
Is 158806969 a composite number?
False
Is 337406923 composite?
True
Is 2218943 prime?
True
Is 67194263 composite?
False
Is 43697177 a composite number?
False
Is 57106613 composite?
False
Is 703584821 a composite number?
False
Is 6502543 prime?
True
Is 3439571 composite?
True
Is 290544659 a prime number?
True
Is 18195257 a composite number?
True
Is 18852727 a prime number?
True
Is 1793663 composite?
False
Is 9332213 a composite number?
True
Is 4903043 prime?
True
Is 2170777 prime?
False
Is 25441177 prime?
True
Is 12462221 prime?
False
Is 3272999 a prime number?
True
Is 8201321 composite?
False
Is 1091347 a prime numb